CRAN Package Check Results for Package SimInf

Last updated on 2022-01-26 07:52:59 CET.

Flavor Version Tinstall Tcheck Ttotal Status Flags
r-devel-linux-x86_64-debian-clang 8.4.0 23.35 247.05 270.40 OK
r-devel-linux-x86_64-debian-gcc 8.4.0 18.43 213.56 231.99 OK
r-devel-linux-x86_64-fedora-clang 8.4.0 320.54 OK
r-devel-linux-x86_64-fedora-gcc 8.4.0 312.09 OK
r-devel-windows-x86_64-new-UL 8.4.0 146.00 336.00 482.00 OK
r-devel-windows-x86_64-new-TK 8.4.0 OK
r-patched-linux-x86_64 8.4.0 22.54 232.96 255.50 OK
r-release-linux-x86_64 8.4.0 24.95 225.82 250.77 OK
r-release-macos-arm64 8.4.0 NOTE
r-release-macos-x86_64 8.4.0 NOTE
r-release-windows-ix86+x86_64 8.4.0 60.00 451.00 511.00 OK
r-oldrel-macos-x86_64 8.4.0 NOTE
r-oldrel-windows-ix86+x86_64 8.4.0 61.00 450.00 511.00 OK

Check Details

Version: 8.4.0
Check: installed package size
Result: NOTE
     installed size is 6.5Mb
     sub-directories of 1Mb or more:
     data 2.1Mb
     libs 2.8Mb
Flavors: r-release-macos-arm64, r-release-macos-x86_64, r-oldrel-macos-x86_64