CRAN Package Check Results for Package Signac

Last updated on 2021-09-21 07:50:36 CEST.

Flavor Version Tinstall Tcheck Ttotal Status Flags
r-devel-linux-x86_64-debian-clang 1.3.0 91.27 394.90 486.17 OK
r-devel-linux-x86_64-debian-gcc 1.3.0 66.40 297.48 363.88 OK
r-devel-linux-x86_64-fedora-clang 1.3.0 607.89 NOTE
r-devel-linux-x86_64-fedora-gcc 1.3.0 584.99 NOTE
r-devel-windows-x86_64 1.3.0 95.00 341.00 436.00 OK
r-devel-windows-x86_64-gcc10-UCRT 1.3.0 ERROR
r-patched-linux-x86_64 1.3.0 81.02 376.13 457.15 OK
r-patched-solaris-x86 1.3.0 742.40 NOTE
r-release-linux-x86_64 1.3.0 77.66 372.72 450.38 OK
r-release-macos-arm64 1.3.0 NOTE
r-release-macos-x86_64 1.3.0 NOTE
r-release-windows-ix86+x86_64 1.3.0 203.00 665.00 868.00 OK
r-oldrel-macos-x86_64 1.3.0 NOTE
r-oldrel-windows-ix86+x86_64 1.3.0 108.00 6.00 114.00 ERROR

Check Details

Version: 1.3.0
Check: package dependencies
Result: NOTE
    Packages suggested but not available for checking:
     'chromVAR', 'TFBSTools', 'motifmatchr'
    
    Imports includes 28 non-default packages.
    Importing from so many packages makes the package vulnerable to any of
    them becoming unavailable. Move as many as possible to Suggests and
    use conditionally.
Flavor: r-devel-linux-x86_64-fedora-clang

Version: 1.3.0
Check: Rd cross-references
Result: NOTE
    Packages unavailable to check Rd xrefs: ‘TFBSTools’, ‘motifmatchr’, ‘chromVAR’
Flavors: r-devel-linux-x86_64-fedora-clang, r-devel-linux-x86_64-fedora-gcc, r-patched-solaris-x86, r-release-macos-arm64, r-release-macos-x86_64, r-oldrel-macos-x86_64

Version: 1.3.0
Check: package dependencies
Result: NOTE
    Packages suggested but not available for checking:
     'chromVAR', 'TFBSTools', 'motifmatchr'
Flavors: r-devel-linux-x86_64-fedora-gcc, r-patched-solaris-x86, r-release-macos-arm64, r-release-macos-x86_64, r-oldrel-macos-x86_64

Version: 1.3.0
Check: package dependencies
Result: NOTE
    Package suggested but not available for checking: 'BSgenome'
Flavor: r-devel-windows-x86_64-gcc10-UCRT

Version: 1.3.0
Check: whether package can be installed
Result: ERROR
    Installation failed.
Flavors: r-devel-windows-x86_64-gcc10-UCRT, r-oldrel-windows-ix86+x86_64