CRAN Package Check Results for Package SightabilityModel

Last updated on 2021-08-05 07:49:51 CEST.

Flavor Version Tinstall Tcheck Ttotal Status Flags
r-devel-linux-x86_64-debian-clang 1.4.1 10.82 311.94 322.76 OK
r-devel-linux-x86_64-debian-gcc 1.4.1 8.67 211.41 220.08 OK
r-devel-linux-x86_64-fedora-clang 1.4.1 359.50 OK
r-devel-linux-x86_64-fedora-gcc 1.4.1 353.13 OK
r-devel-windows-x86_64 1.4.1 17.00 346.00 363.00 OK
r-devel-windows-x86_64-gcc10-UCRT 1.4.1 NOTE
r-patched-linux-x86_64 1.4.1 9.42 282.38 291.80 OK
r-patched-solaris-x86 1.4.1 434.90 OK
r-release-linux-x86_64 1.4.1 10.55 282.92 293.47 OK
r-release-macos-arm64 1.4.1 NOTE
r-release-macos-x86_64 1.4.1 OK
r-release-windows-ix86+x86_64 1.4.1 22.00 334.00 356.00 OK
r-oldrel-macos-x86_64 1.4.1 OK
r-oldrel-windows-ix86+x86_64 1.4.1 24.00 360.00 384.00 OK

Check Details

Version: 1.4.1
Check: package dependencies
Result: NOTE
    Packages suggested but not available for checking:
     'car', 'ggplot2', 'kableExtra', 'readxl'
Flavor: r-devel-windows-x86_64-gcc10-UCRT

Version: 1.4.1
Check: re-building of vignette outputs
Result: NOTE
    Error(s) in re-building vignettes:
    --- re-building 'MoosePopR-SightabilityPopR-Demo.Rmd' using rmarkdown
    Quitting from lines 17-29 (MoosePopR-SightabilityPopR-Demo.Rmd)
    Error: processing vignette 'MoosePopR-SightabilityPopR-Demo.Rmd' failed with diagnostics:
    there is no package called 'car'
    --- failed re-building 'MoosePopR-SightabilityPopR-Demo.Rmd'
    
    --- re-building 'RatioEstimator.pdf.asis' using asis
    --- finished re-building 'RatioEstimator.pdf.asis'
    
    --- re-building 'SightabilityModel.Rnw' using Sweave
    texify: C:\jenkins\workspace\miktex\windows\build\source\Libraries\MiKTeX\Core\Utils\Utils.cpp:490: internal error
    
    Warning in system(paste(shQuote(texi2dvi), "--version"), intern = TRUE) :
     running command '"C:\PROGRA~1\MiKTeX\miktex\bin\x64\texify.exe" --version' had status 5
    --- finished re-building 'SightabilityModel.Rnw'
    
    SUMMARY: processing the following file failed:
     'MoosePopR-SightabilityPopR-Demo.Rmd'
    
    Error: Vignette re-building failed.
    Execution halted
Flavor: r-devel-windows-x86_64-gcc10-UCRT

Version: 1.4.1
Check: re-building of vignette outputs
Result: NOTE
    Error(s) in re-building vignettes:
    --- re-building ‘MoosePopR-SightabilityPopR-Demo.Rmd’ using rmarkdown
    Warning in engine$weave(file, quiet = quiet, encoding = enc) :
     Pandoc (>= 1.12.3) not available. Falling back to R Markdown v1.
    New names:
    * `Lone Cows` -> Lone.Cows
    * `Cow W/1 \r\ncalf` -> Cow.W.1...calf
    * `Cow W/2 calves` -> Cow.W.2.calves
    * `Lone \r\ncalf` -> Lone...calf
    * `Unk Age/Sex` -> Unk.Age.Sex
    * ...
    Quitting from lines 139-151 (MoosePopR-SightabilityPopR-Demo.Rmd)
    Error: processing vignette 'MoosePopR-SightabilityPopR-Demo.Rmd' failed with diagnostics:
    polygon edge not found
    --- failed re-building ‘MoosePopR-SightabilityPopR-Demo.Rmd’
    
    --- re-building ‘RatioEstimator.pdf.asis’ using asis
    --- finished re-building ‘RatioEstimator.pdf.asis’
    
    --- re-building ‘SightabilityModel.Rnw’ using Sweave
    --- finished re-building 'SightabilityModel.Rnw'
    
    SUMMARY: processing the following file failed:
     ‘MoosePopR-SightabilityPopR-Demo.Rmd’
    
    Error: Vignette re-building failed.
    Execution halted
Flavor: r-release-macos-arm64