CRAN Package Check Results for Package ShellChron

Last updated on 2021-06-15 08:50:09 CEST.

Flavor Version Tinstall Tcheck Ttotal Status Flags
r-devel-linux-x86_64-debian-clang 0.2.8 4.13 47.72 51.85 OK
r-devel-linux-x86_64-debian-gcc 0.2.8 4.12 36.55 40.67 OK
r-devel-linux-x86_64-fedora-clang 0.2.8 72.71 NOTE
r-devel-linux-x86_64-fedora-gcc 0.2.8 60.70 NOTE
r-devel-windows-x86_64 0.2.8 9.00 68.00 77.00 OK
r-devel-windows-x86_64-gcc10-UCRT 0.2.8 NOTE
r-patched-linux-x86_64 0.2.8 5.17 45.99 51.16 OK
r-patched-solaris-x86 0.2.8 101.30 NOTE
r-release-linux-x86_64 0.2.8 4.97 45.52 50.49 OK
r-release-macos-arm64 0.2.8 NOTE
r-release-macos-x86_64 0.2.8 NOTE
r-release-windows-ix86+x86_64 0.2.8 11.00 68.00 79.00 OK
r-oldrel-macos-x86_64 0.2.8 NOTE
r-oldrel-windows-ix86+x86_64 0.2.8 12.00 72.00 84.00 OK

Check Details

Version: 0.2.8
Check: dependencies in R code
Result: NOTE
    Namespace in Imports field not imported from: ‘tidyverse’
     All declared Imports should be used.
Flavors: r-devel-linux-x86_64-fedora-clang, r-devel-linux-x86_64-fedora-gcc, r-devel-windows-x86_64-gcc10-UCRT, r-patched-solaris-x86, r-release-macos-arm64, r-release-macos-x86_64, r-oldrel-macos-x86_64