CRAN Package Check Results for Package STraTUS

Last updated on 2021-09-24 07:49:33 CEST.

Flavor Version Tinstall Tcheck Ttotal Status Flags
r-devel-linux-x86_64-debian-clang 1.1.2 15.27 129.66 144.93 OK
r-devel-linux-x86_64-debian-gcc 1.1.2 10.39 96.00 106.39 OK
r-devel-linux-x86_64-fedora-clang 1.1.2 179.59 OK
r-devel-linux-x86_64-fedora-gcc 1.1.2 164.54 OK
r-devel-windows-x86_64 1.1.2 16.00 102.00 118.00 OK
r-devel-windows-x86_64-gcc10-UCRT 1.1.2 OK
r-patched-linux-x86_64 1.1.2 14.49 120.32 134.81 OK
r-patched-solaris-x86 1.1.2 228.90 OK
r-release-linux-x86_64 1.1.2 14.12 119.34 133.46 OK
r-release-macos-arm64 1.1.2 OK
r-release-macos-x86_64 1.1.2 ERROR
r-release-windows-ix86+x86_64 1.1.2 33.00 156.00 189.00 OK
r-oldrel-macos-x86_64 1.1.2 ERROR
r-oldrel-windows-ix86+x86_64 1.1.2 3.00 5.00 8.00 ERROR

Check Details

Version: 1.1.2
Check: package dependencies
Result: ERROR
    Package required but not available: ‘ggtree’
    
    See section ‘The DESCRIPTION file’ in the ‘Writing R Extensions’
    manual.
Flavors: r-release-macos-x86_64, r-oldrel-macos-x86_64

Version: 1.1.2
Check: whether package can be installed
Result: ERROR
    Installation failed.
Flavor: r-oldrel-windows-ix86+x86_64