CRAN Package Check Results for Package STARTS

Last updated on 2021-09-19 07:50:50 CEST.

Flavor Version Tinstall Tcheck Ttotal Status Flags
r-devel-linux-x86_64-debian-clang 1.2-35 30.12 38.49 68.61 OK
r-devel-linux-x86_64-debian-gcc 1.2-35 18.66 30.31 48.97 OK
r-devel-linux-x86_64-fedora-clang 1.2-35 100.48 OK
r-devel-linux-x86_64-fedora-gcc 1.2-35 83.58 OK
r-devel-windows-x86_64 1.2-35 31.00 62.00 93.00 OK
r-devel-windows-x86_64-gcc10-UCRT 1.2-35 ERROR
r-patched-linux-x86_64 1.2-35 24.01 37.93 61.94 OK
r-patched-solaris-x86 1.2-35 98.70 OK
r-release-linux-x86_64 1.2-35 24.86 37.75 62.61 OK
r-release-macos-arm64 1.2-35 OK
r-release-macos-x86_64 1.2-35 OK
r-release-windows-ix86+x86_64 1.2-35 69.00 91.00 160.00 OK
r-oldrel-macos-x86_64 1.2-35 OK
r-oldrel-windows-ix86+x86_64 1.2-35 72.00 64.00 136.00 OK

Check Details

Version: 1.2-35
Check: whether package can be installed
Result: ERROR
    Installation failed.
Flavor: r-devel-windows-x86_64-gcc10-UCRT