CRAN Package Check Results for Package SSOSVM

Last updated on 2021-07-31 07:51:00 CEST.

Flavor Version Tinstall Tcheck Ttotal Status Flags
r-devel-linux-x86_64-debian-clang 0.2.1 32.37 27.90 60.27 OK
r-devel-linux-x86_64-debian-gcc 0.2.1 24.78 22.22 47.00 OK
r-devel-linux-x86_64-fedora-clang 0.2.1 97.03 NOTE
r-devel-linux-x86_64-fedora-gcc 0.2.1 79.63 NOTE
r-devel-windows-x86_64 0.2.1 30.00 56.00 86.00 OK
r-devel-windows-x86_64-gcc10-UCRT 0.2.1 NOTE
r-patched-linux-x86_64 0.2.1 OK
r-patched-solaris-x86 0.2.1 90.40 NOTE
r-release-linux-x86_64 0.2.1 28.33 26.97 55.30 OK
r-release-macos-arm64 0.2.1 NOTE
r-release-macos-x86_64 0.2.1 NOTE
r-release-windows-ix86+x86_64 0.2.1 82.00 69.00 151.00 OK
r-oldrel-macos-x86_64 0.2.1 NOTE
r-oldrel-windows-ix86+x86_64 0.2.1 64.00 74.00 138.00 OK

Check Details

Version: 0.2.1
Check: dependencies in R code
Result: NOTE
    Namespace in Imports field not imported from: ‘MASS’
     All declared Imports should be used.
Flavors: r-devel-linux-x86_64-fedora-clang, r-devel-linux-x86_64-fedora-gcc, r-devel-windows-x86_64-gcc10-UCRT, r-patched-solaris-x86, r-release-macos-arm64, r-release-macos-x86_64, r-oldrel-macos-x86_64

Version: 0.2.1
Check: package dependencies
Result: NOTE
    Package suggested but not available for checking: ‘gifski’
Flavor: r-patched-solaris-x86