CRAN Package Check Results for Package SSHAARP

Last updated on 2021-07-27 07:50:44 CEST.

Flavor Version Tinstall Tcheck Ttotal Status Flags
r-devel-linux-x86_64-debian-clang 1.0.1 24.19 123.73 147.92 OK
r-devel-linux-x86_64-debian-gcc 1.0.1 21.67 95.70 117.37 OK
r-devel-linux-x86_64-fedora-clang 1.0.1 194.96 NOTE
r-devel-linux-x86_64-fedora-gcc 1.0.1 178.88 NOTE
r-devel-windows-x86_64 1.0.1 45.00 156.00 201.00 OK
r-devel-windows-x86_64-gcc10-UCRT 1.0.1 NOTE
r-patched-linux-x86_64 1.0.1 22.85 117.36 140.21 OK
r-patched-solaris-x86 1.0.1 293.60 NOTE
r-release-linux-x86_64 1.0.1 24.03 117.94 141.97 OK
r-release-macos-arm64 1.0.1 NOTE
r-release-macos-x86_64 1.0.1 NOTE
r-release-windows-ix86+x86_64 1.0.1 55.00 112.00 167.00 OK
r-oldrel-macos-x86_64 1.0.1 NOTE
r-oldrel-windows-ix86+x86_64 1.0.1 58.00 162.00 220.00 OK

Additional issues

donttest

Check Details

Version: 1.0.1
Check: dependencies in R code
Result: NOTE
    Namespace in Imports field not imported from: ‘sessioninfo’
     All declared Imports should be used.
Flavors: r-devel-linux-x86_64-fedora-clang, r-devel-linux-x86_64-fedora-gcc, r-devel-windows-x86_64-gcc10-UCRT, r-patched-solaris-x86, r-release-macos-arm64, r-release-macos-x86_64, r-oldrel-macos-x86_64