CRAN Package Check Results for Package SPARTAAS

Last updated on 2021-06-23 07:50:34 CEST.

Flavor Version Tinstall Tcheck Ttotal Status Flags
r-devel-linux-x86_64-debian-clang 1.0.0 28.12 246.53 274.65 OK
r-devel-linux-x86_64-debian-gcc 1.0.0 25.45 183.05 208.50 OK
r-devel-linux-x86_64-fedora-clang 1.0.0 333.67 NOTE
r-devel-linux-x86_64-fedora-gcc 1.0.0 330.97 OK
r-devel-windows-x86_64 1.0.0 47.00 318.00 365.00 OK
r-devel-windows-x86_64-gcc10-UCRT 1.0.0 ERROR
r-patched-linux-x86_64 1.0.0 24.71 231.33 256.04 OK
r-patched-solaris-x86 1.0.0 507.80 OK
r-release-linux-x86_64 1.0.0 27.85 231.62 259.47 OK
r-release-macos-arm64 1.0.0 OK
r-release-macos-x86_64 1.0.0 OK
r-release-windows-ix86+x86_64 1.0.0 56.00 222.00 278.00 OK
r-oldrel-macos-x86_64 1.0.0 OK

Check Details

Version: 1.0.0
Check: package dependencies
Result: NOTE
    Imports includes 30 non-default packages.
    Importing from so many packages makes the package vulnerable to any of
    them becoming unavailable. Move as many as possible to Suggests and
    use conditionally.
Flavor: r-devel-linux-x86_64-fedora-clang

Version: 1.0.0
Check: package dependencies
Result: ERROR
    Packages required but not available: 'FactoMineR', 'plotly'
    
    See section 'The DESCRIPTION file' in the 'Writing R Extensions'
    manual.
Flavor: r-devel-windows-x86_64-gcc10-UCRT