CRAN Package Check Results for Package SP2000

Last updated on 2021-05-06 07:48:32 CEST.

Flavor Version Tinstall Tcheck Ttotal Status Flags
r-devel-linux-x86_64-debian-clang 0.2.0 5.63 54.87 60.50 NOTE
r-devel-linux-x86_64-debian-gcc 0.2.0 4.64 41.19 45.83 NOTE
r-devel-linux-x86_64-fedora-clang 0.2.0 90.40 NOTE
r-devel-linux-x86_64-fedora-gcc 0.2.0 71.78 NOTE
r-devel-windows-ix86+x86_64 0.2.0 11.00 71.00 82.00 NOTE
r-devel-windows-x86_64-gcc10-UCRT 0.2.0 NOTE
r-patched-linux-x86_64 0.2.0 5.29 51.26 56.55 NOTE
r-patched-solaris-x86 0.2.0 108.60 OK
r-release-linux-x86_64 0.2.0 6.83 50.37 57.20 OK
r-release-macos-x86_64 0.2.0 OK
r-release-windows-ix86+x86_64 0.2.0 12.00 58.00 70.00 OK
r-oldrel-macos-x86_64 0.2.0 OK
r-oldrel-windows-ix86+x86_64 0.2.0 12.00 73.00 85.00 OK

Check Details

Version: 0.2.0
Check: LazyData
Result: NOTE
     'LazyData' is specified without a 'data' directory
Flavors: r-devel-linux-x86_64-debian-clang, r-devel-linux-x86_64-debian-gcc, r-devel-linux-x86_64-fedora-clang, r-devel-linux-x86_64-fedora-gcc, r-devel-windows-ix86+x86_64, r-devel-windows-x86_64-gcc10-UCRT, r-patched-linux-x86_64