CRAN Package Check Results for Package SMDIC

Last updated on 2021-09-19 07:50:48 CEST.

Flavor Version Tinstall Tcheck Ttotal Status Flags
r-devel-linux-x86_64-debian-clang 0.1.3 44.72 439.72 484.44 OK
r-devel-linux-x86_64-debian-gcc 0.1.3 39.13 334.67 373.80 OK
r-devel-linux-x86_64-fedora-clang 0.1.3 595.42 NOTE
r-devel-linux-x86_64-fedora-gcc 0.1.3 590.78 NOTE
r-devel-windows-x86_64 0.1.3 56.00 427.00 483.00 OK
r-devel-windows-x86_64-gcc10-UCRT 0.1.3 ERROR
r-patched-linux-x86_64 0.1.3 46.06 417.41 463.47 OK
r-patched-solaris-x86 0.1.3 851.10 NOTE
r-release-linux-x86_64 0.1.3 44.87 415.23 460.10 OK
r-release-macos-arm64 0.1.3 NOTE
r-release-macos-x86_64 0.1.3 ERROR
r-release-windows-ix86+x86_64 0.1.3 113.00 499.00 612.00 OK
r-oldrel-macos-x86_64 0.1.3 ERROR
r-oldrel-windows-ix86+x86_64 0.1.3 89.00 390.00 479.00 OK

Check Details

Version: 0.1.3
Check: dependencies in R code
Result: NOTE
    Namespace in Imports field not imported from: ‘quadprog’
     All declared Imports should be used.
Flavors: r-devel-linux-x86_64-fedora-clang, r-devel-linux-x86_64-fedora-gcc, r-patched-solaris-x86, r-release-macos-arm64

Version: 0.1.3
Check: whether package can be installed
Result: ERROR
    Installation failed.
Flavor: r-devel-windows-x86_64-gcc10-UCRT

Version: 0.1.3
Check: installed package size
Result: NOTE
     installed size is 5.0Mb
     sub-directories of 1Mb or more:
     data 2.1Mb
     extdata 1.6Mb
Flavor: r-patched-solaris-x86

Version: 0.1.3
Check: package dependencies
Result: ERROR
    Package required but not available: ‘maftools’
    
    See section ‘The DESCRIPTION file’ in the ‘Writing R Extensions’
    manual.
Flavors: r-release-macos-x86_64, r-oldrel-macos-x86_64