CRAN Package Check Results for Package SIBER

Last updated on 2021-05-12 07:48:41 CEST.

Flavor Version Tinstall Tcheck Ttotal Status Flags
r-devel-linux-x86_64-debian-clang 2.1.6 12.23 400.68 412.91 OK
r-devel-linux-x86_64-debian-gcc 2.1.6 10.51 267.22 277.73 OK
r-devel-linux-x86_64-fedora-clang 2.1.6 487.40 OK
r-devel-linux-x86_64-fedora-gcc 2.1.6 491.96 OK
r-devel-windows-ix86+x86_64 2.1.6 35.00 401.00 436.00 OK
r-devel-windows-x86_64-gcc10-UCRT 2.1.6 OK
r-patched-linux-x86_64 2.1.6 11.99 368.13 380.12 OK
r-patched-solaris-x86 2.1.6 614.70 OK
r-release-linux-x86_64 2.1.6 11.36 362.54 373.90 OK
r-release-macos-x86_64 2.1.6 OK
r-release-windows-ix86+x86_64 2.1.6 20.00 345.00 365.00 OK
r-oldrel-macos-x86_64 2.1.6 ERROR

Check Details

Version: 2.1.6
Check: whether package can be installed
Result: ERROR
    Installation failed.
Flavor: r-oldrel-macos-x86_64