CRAN Package Check Results for Package RtD3

Last updated on 2021-08-05 07:49:48 CEST.

Flavor Version Tinstall Tcheck Ttotal Status Flags
r-devel-linux-x86_64-debian-clang 0.0.1 2.90 35.37 38.27 NOTE
r-devel-linux-x86_64-debian-gcc 0.0.1 2.36 26.65 29.01 NOTE
r-devel-linux-x86_64-fedora-clang 0.0.1 55.61 NOTE
r-devel-linux-x86_64-fedora-gcc 0.0.1 42.49 NOTE
r-devel-windows-x86_64 0.0.1 5.00 53.00 58.00 NOTE
r-devel-windows-x86_64-gcc10-UCRT 0.0.1 ERROR
r-patched-linux-x86_64 0.0.1 3.06 32.53 35.59 NOTE
r-patched-solaris-x86 0.0.1 66.70 NOTE
r-release-linux-x86_64 0.0.1 2.67 32.86 35.53 NOTE
r-release-macos-arm64 0.0.1 NOTE
r-release-macos-x86_64 0.0.1 NOTE
r-release-windows-ix86+x86_64 0.0.1 8.00 54.00 62.00 NOTE
r-oldrel-macos-x86_64 0.0.1 OK
r-oldrel-windows-ix86+x86_64 0.0.1 6.00 53.00 59.00 OK

Check Details

Version: 0.0.1
Check: LazyData
Result: NOTE
     'LazyData' is specified without a 'data' directory
Flavors: r-devel-linux-x86_64-debian-clang, r-devel-linux-x86_64-debian-gcc, r-devel-linux-x86_64-fedora-clang, r-devel-linux-x86_64-fedora-gcc, r-devel-windows-x86_64, r-devel-windows-x86_64-gcc10-UCRT, r-patched-linux-x86_64, r-patched-solaris-x86, r-release-linux-x86_64, r-release-macos-arm64, r-release-macos-x86_64, r-release-windows-ix86+x86_64

Version: 0.0.1
Check: package dependencies
Result: NOTE
    Packages suggested but not available for checking:
     'testthat', 'dplyr', 'sf', 'rnaturalearth'
Flavor: r-devel-windows-x86_64-gcc10-UCRT

Version: 0.0.1
Check: tests
Result: ERROR
     Running 'spelling.R'
     Running 'testthat.R'
    Running the tests in 'tests/testthat.R' failed.
    Complete output:
     > library(testthat)
     Error in library(testthat) : there is no package called 'testthat'
     Execution halted
Flavor: r-devel-windows-x86_64-gcc10-UCRT