CRAN Package Check Results for Package RoBMA

Last updated on 2021-09-18 08:50:56 CEST.

Flavor Version Tinstall Tcheck Ttotal Status Flags
r-devel-linux-x86_64-debian-clang 2.0.0 20.35 104.70 125.05 OK
r-devel-linux-x86_64-debian-gcc 2.0.0 11.64 76.75 88.39 OK
r-devel-linux-x86_64-fedora-clang 2.0.0 160.22 NOTE
r-devel-linux-x86_64-fedora-gcc 2.0.0 213.85 NOTE
r-devel-windows-x86_64 2.0.0 19.00 194.00 213.00 OK
r-devel-windows-x86_64-gcc10-UCRT 2.0.0 NOTE
r-patched-linux-x86_64 2.0.0 14.90 99.78 114.68 OK
r-patched-solaris-x86 2.0.0 197.90 NOTE
r-release-linux-x86_64 2.0.0 13.59 99.48 113.07 OK
r-release-macos-arm64 2.0.0 NOTE
r-release-macos-x86_64 2.0.0 NOTE
r-release-windows-ix86+x86_64 2.0.0 38.00 393.00 431.00 OK
r-oldrel-macos-x86_64 2.0.0 NOTE
r-oldrel-windows-ix86+x86_64 2.0.0 39.00 385.00 424.00 OK

Check Details

Version: 2.0.0
Check: dependencies in R code
Result: NOTE
    Namespaces in Imports field not imported from:
     ‘Rdpack’ ‘bridgesampling’ ‘callr’ ‘extraDistr’ ‘psych’ ‘runjags’
     All declared Imports should be used.
Flavors: r-devel-linux-x86_64-fedora-clang, r-devel-linux-x86_64-fedora-gcc, r-devel-windows-x86_64-gcc10-UCRT, r-patched-solaris-x86, r-release-macos-arm64, r-release-macos-x86_64, r-oldrel-macos-x86_64

Version: 2.0.0
Check: Rd cross-references
Result: NOTE
    Undeclared package ‘metafor’ in Rd xrefs
Flavor: r-devel-linux-x86_64-fedora-clang