CRAN Package Check Results for Package RmarineHeatWaves

Last updated on 2021-09-21 07:50:32 CEST.

Flavor Version Tinstall Tcheck Ttotal Status Flags
r-devel-linux-x86_64-debian-clang 0.17.0 7.78 76.95 84.73 OK
r-devel-linux-x86_64-debian-gcc 0.17.0 5.14 65.62 70.76 OK
r-devel-linux-x86_64-fedora-clang 0.17.0 122.69 OK
r-devel-linux-x86_64-fedora-gcc 0.17.0 109.14 OK
r-devel-windows-x86_64 0.17.0 10.00 122.00 132.00 OK
r-devel-windows-x86_64-gcc10-UCRT 0.17.0 ERROR
r-patched-linux-x86_64 0.17.0 11.30 71.43 82.73 OK
r-patched-solaris-x86 0.17.0 130.30 OK
r-release-linux-x86_64 0.17.0 5.84 71.45 77.29 OK
r-release-macos-arm64 0.17.0 OK
r-release-macos-x86_64 0.17.0 OK
r-release-windows-ix86+x86_64 0.17.0 17.00 103.00 120.00 OK
r-oldrel-macos-x86_64 0.17.0 OK
r-oldrel-windows-ix86+x86_64 0.17.0 18.00 101.00 119.00 OK

Check Details

Version: 0.17.0
Check: whether package can be installed
Result: WARN
    Found the following significant warnings:
     WARNING: installation-time patches will not be applied, could not get the patches index
Flavor: r-devel-windows-x86_64-gcc10-UCRT

Version: 0.17.0
Check: PDF version of manual
Result: WARN
    LaTeX errors when creating PDF version.
    This typically indicates Rd problems.
Flavor: r-devel-windows-x86_64-gcc10-UCRT

Version: 0.17.0
Check: PDF version of manual without hyperrefs or index
Result: ERROR
    Re-running with no redirection of stdout/stderr.
Flavor: r-devel-windows-x86_64-gcc10-UCRT