CRAN Package Check Results for Package Rlgt

Last updated on 2021-07-25 07:50:15 CEST.

Flavor Version Tinstall Tcheck Ttotal Status Flags
r-devel-linux-x86_64-debian-clang 0.1-3 392.95 131.33 524.28 NOTE
r-devel-linux-x86_64-debian-gcc 0.1-3 308.87 112.78 421.65 NOTE
r-devel-linux-x86_64-fedora-clang 0.1-3 705.61 NOTE
r-devel-linux-x86_64-fedora-gcc 0.1-3 734.00 NOTE
r-devel-windows-x86_64 0.1-3 289.00 152.00 441.00 NOTE
r-devel-windows-x86_64-gcc10-UCRT 0.1-3 NOTE
r-patched-linux-x86_64 0.1-3 275.70 140.68 416.38 NOTE
r-patched-solaris-x86 0.1-3 723.50 NOTE
r-release-linux-x86_64 0.1-3 318.36 139.86 458.22 NOTE
r-release-macos-arm64 0.1-3 NOTE
r-release-macos-x86_64 0.1-3 NOTE
r-release-windows-ix86+x86_64 0.1-3 799.00 210.00 1009.00 NOTE
r-oldrel-macos-x86_64 0.1-3 NOTE
r-oldrel-windows-ix86+x86_64 0.1-3 841.00 291.00 1132.00 NOTE

Check Details

Version: 0.1-3
Check: for GNU extensions in Makefiles
Result: NOTE
    GNU make is a SystemRequirements.
Flavors: r-devel-linux-x86_64-debian-clang, r-devel-linux-x86_64-debian-gcc, r-devel-linux-x86_64-fedora-clang, r-devel-linux-x86_64-fedora-gcc, r-devel-windows-x86_64, r-devel-windows-x86_64-gcc10-UCRT, r-patched-linux-x86_64, r-patched-solaris-x86, r-release-linux-x86_64, r-release-macos-arm64, r-release-macos-x86_64, r-release-windows-ix86+x86_64, r-oldrel-macos-x86_64, r-oldrel-windows-ix86+x86_64

Version: 0.1-3
Check: installed package size
Result: NOTE
     installed size is 56.6Mb
     sub-directories of 1Mb or more:
     libs 55.9Mb
Flavors: r-devel-linux-x86_64-fedora-clang, r-release-macos-arm64, r-release-macos-x86_64, r-release-windows-ix86+x86_64, r-oldrel-macos-x86_64, r-oldrel-windows-ix86+x86_64

Version: 0.1-3
Check: line endings in C/C++/Fortran sources/headers
Result: NOTE
    Found the following sources/headers with CR or CRLF line endings:
     src/stan_files/LGT.hpp
     src/stan_files/S2GT.hpp
     src/stan_files/SGT.hpp
    Some Unix compilers require LF line endings.
Flavor: r-devel-windows-x86_64-gcc10-UCRT