CRAN Package Check Results for Package Rlda

Last updated on 2021-10-18 07:49:54 CEST.

Flavor Version Tinstall Tcheck Ttotal Status Flags
r-devel-linux-x86_64-debian-clang 0.2.6 122.98 46.81 169.79 OK
r-devel-linux-x86_64-debian-gcc 0.2.6 97.73 36.48 134.21 OK
r-devel-linux-x86_64-fedora-clang 0.2.6 272.16 NOTE
r-devel-linux-x86_64-fedora-gcc 0.2.6 238.95 OK
r-devel-windows-x86_64 0.2.6 163.00 78.00 241.00 OK
r-devel-windows-x86_64-gcc10-UCRT 0.2.6 OK
r-patched-linux-x86_64 0.2.6 112.90 45.66 158.56 OK
r-patched-solaris-x86 0.2.6 217.30 OK
r-release-linux-x86_64 0.2.6 116.40 45.61 162.01 OK
r-release-macos-arm64 0.2.6 NOTE
r-release-macos-x86_64 0.2.6 NOTE
r-release-windows-ix86+x86_64 0.2.6 224.00 105.00 329.00 OK
r-oldrel-macos-x86_64 0.2.6 NOTE
r-oldrel-windows-ix86+x86_64 0.2.6 311.00 109.00 420.00 OK

Check Details

Version: 0.2.6
Check: installed package size
Result: NOTE
     installed size is 6.9Mb
     sub-directories of 1Mb or more:
     libs 5.9Mb
Flavors: r-devel-linux-x86_64-fedora-clang, r-release-macos-arm64, r-release-macos-x86_64, r-oldrel-macos-x86_64