CRAN Package Check Results for Package Ritc

Last updated on 2021-07-28 07:49:38 CEST.

Flavor Version Tinstall Tcheck Ttotal Status Flags
r-devel-linux-x86_64-debian-clang 1.0.2 NOTE
r-devel-linux-x86_64-debian-gcc 1.0.2 1.57 19.41 20.98 NOTE
r-devel-linux-x86_64-fedora-clang 1.0.2 42.01 NOTE
r-devel-linux-x86_64-fedora-gcc 1.0.2 31.36 NOTE
r-devel-windows-x86_64 1.0.2 3.00 34.00 37.00 OK
r-devel-windows-x86_64-gcc10-UCRT 1.0.2 OK
r-patched-linux-x86_64 1.0.2 3.53 23.46 26.99 NOTE
r-patched-solaris-x86 1.0.2 47.10 NOTE
r-release-linux-x86_64 1.0.2 1.83 23.80 25.63 NOTE
r-release-macos-arm64 1.0.2 OK
r-release-macos-x86_64 1.0.2 OK
r-release-windows-ix86+x86_64 1.0.2 4.00 31.00 35.00 OK
r-oldrel-macos-x86_64 1.0.2 OK
r-oldrel-windows-ix86+x86_64 1.0.2 5.00 41.00 46.00 OK

Check Details

Version: 1.0.2
Check: for non-standard things in the check directory
Result: NOTE
    Found the following files/directories:
     'B110711CD4.CSV' 'inputparam2.txt' 'itcout0.pdf' 'itcout1.eps'
     'origin_data.csv'
Flavors: r-devel-linux-x86_64-debian-clang, r-devel-linux-x86_64-debian-gcc, r-devel-linux-x86_64-fedora-clang, r-devel-linux-x86_64-fedora-gcc, r-patched-linux-x86_64, r-patched-solaris-x86, r-release-linux-x86_64