CRAN Package Check Results for Package RidgeFusion

Last updated on 2021-07-28 07:49:38 CEST.

Flavor Version Tinstall Tcheck Ttotal Status Flags
r-devel-linux-x86_64-debian-clang 1.0-3 NOTE
r-devel-linux-x86_64-debian-gcc 1.0-3 2.34 24.81 27.15 NOTE
r-devel-linux-x86_64-fedora-clang 1.0-3 52.50 NOTE
r-devel-linux-x86_64-fedora-gcc 1.0-3 42.09 NOTE
r-devel-windows-x86_64 1.0-3 4.00 43.00 47.00 NOTE
r-devel-windows-x86_64-gcc10-UCRT 1.0-3 NOTE
r-patched-linux-x86_64 1.0-3 2.55 31.05 33.60 NOTE
r-patched-solaris-x86 1.0-3 63.80 NOTE
r-release-linux-x86_64 1.0-3 2.63 31.21 33.84 NOTE
r-release-macos-arm64 1.0-3 NOTE
r-release-macos-x86_64 1.0-3 NOTE
r-release-windows-ix86+x86_64 1.0-3 7.00 57.00 64.00 NOTE
r-oldrel-macos-x86_64 1.0-3 NOTE
r-oldrel-windows-ix86+x86_64 1.0-3 6.00 58.00 64.00 NOTE

Check Details

Version: 1.0-3
Check: R code for possible problems
Result: NOTE
    FusedQDA : <anonymous>: no visible global function definition for 'cov'
    RidgeFused: no visible binding for global variable 'cov2cor'
    RidgeFusedCV : <anonymous>: no visible global function definition for
     'cov'
    SSRidgeFused : <anonymous>: no visible global function definition for
     'cov'
    Undefined global functions or variables:
     cov cov2cor
    Consider adding
     importFrom("stats", "cov", "cov2cor")
    to your NAMESPACE file.
Flavors: r-devel-linux-x86_64-debian-clang, r-devel-linux-x86_64-debian-gcc, r-devel-linux-x86_64-fedora-clang, r-devel-linux-x86_64-fedora-gcc, r-devel-windows-x86_64, r-devel-windows-x86_64-gcc10-UCRT, r-patched-linux-x86_64, r-patched-solaris-x86, r-release-linux-x86_64, r-release-macos-arm64, r-release-macos-x86_64, r-release-windows-ix86+x86_64, r-oldrel-macos-x86_64, r-oldrel-windows-ix86+x86_64