CRAN Package Check Results for Package Rforestry

Last updated on 2021-07-25 07:50:15 CEST.

Flavor Version Tinstall Tcheck Ttotal Status Flags
r-devel-linux-x86_64-debian-clang 0.9.0.47 153.22 190.32 343.54 OK
r-devel-linux-x86_64-debian-gcc 0.9.0.47 100.78 141.04 241.82 OK
r-devel-linux-x86_64-fedora-clang 0.9.0.47 426.79 NOTE
r-devel-linux-x86_64-fedora-gcc 0.9.0.47 413.04 OK
r-devel-windows-x86_64 0.9.0.47 127.00 151.00 278.00 OK
r-devel-windows-x86_64-gcc10-UCRT 0.9.0.47 OK
r-patched-linux-x86_64 0.9.0.47 114.99 175.37 290.36 OK
r-patched-solaris-x86 0.9.0.47 1022.70 OK
r-release-linux-x86_64 0.9.0.47 117.63 179.04 296.67 OK
r-release-macos-arm64 0.9.0.40 NOTE
r-release-macos-x86_64 0.9.0.47 NOTE
r-release-windows-ix86+x86_64 0.9.0.47 307.00 326.00 633.00 OK
r-oldrel-macos-x86_64 0.9.0.47 NOTE
r-oldrel-windows-ix86+x86_64 0.9.0.47 330.00 328.00 658.00 OK

Check Details

Version: 0.9.0.47
Check: installed package size
Result: NOTE
     installed size is 7.4Mb
     sub-directories of 1Mb or more:
     libs 7.1Mb
Flavors: r-devel-linux-x86_64-fedora-clang, r-release-macos-x86_64, r-oldrel-macos-x86_64

Version: 0.9.0.40
Check: installed package size
Result: NOTE
     installed size is 10.0Mb
     sub-directories of 1Mb or more:
     libs 9.8Mb
Flavor: r-release-macos-arm64