CRAN Package Check Results for Package ResourceSelection

Last updated on 2021-09-19 07:50:42 CEST.

Flavor Version Tinstall Tcheck Ttotal Status Flags
r-devel-linux-x86_64-debian-clang 0.3-5 8.46 144.71 153.17 OK
r-devel-linux-x86_64-debian-gcc 0.3-5 6.99 109.81 116.80 OK
r-devel-linux-x86_64-fedora-clang 0.3-5 195.40 OK
r-devel-linux-x86_64-fedora-gcc 0.3-5 194.21 OK
r-devel-windows-x86_64 0.3-5 9.00 222.00 231.00 OK
r-devel-windows-x86_64-gcc10-UCRT 0.3-5 ERROR
r-patched-linux-x86_64 0.3-5 8.75 143.24 151.99 OK
r-patched-solaris-x86 0.3-5 312.00 OK
r-release-linux-x86_64 0.3-5 6.97 140.45 147.42 OK
r-release-macos-arm64 0.3-5 OK
r-release-macos-x86_64 0.3-5 OK
r-release-windows-ix86+x86_64 0.3-5 17.00 216.00 233.00 OK
r-oldrel-macos-x86_64 0.3-5 OK
r-oldrel-windows-ix86+x86_64 0.3-5 16.00 174.00 190.00 OK

Check Details

Version: 0.3-5
Check: whether package can be installed
Result: WARN
    Found the following significant warnings:
     WARNING: installation-time patches will not be applied, could not get the patches index
Flavor: r-devel-windows-x86_64-gcc10-UCRT

Version: 0.3-5
Check: PDF version of manual
Result: WARN
    LaTeX errors when creating PDF version.
    This typically indicates Rd problems.
Flavor: r-devel-windows-x86_64-gcc10-UCRT

Version: 0.3-5
Check: PDF version of manual without hyperrefs or index
Result: ERROR
    Re-running with no redirection of stdout/stderr.
Flavor: r-devel-windows-x86_64-gcc10-UCRT