CRAN Package Check Results for Package Rediscover

Last updated on 2021-07-25 07:50:14 CEST.

Flavor Version Tinstall Tcheck Ttotal Status Flags
r-devel-linux-x86_64-debian-clang 0.2.0 14.97 161.59 176.56 OK
r-devel-linux-x86_64-debian-gcc 0.2.0 11.48 122.86 134.34 OK
r-devel-linux-x86_64-fedora-clang 0.2.0 220.96 OK
r-devel-linux-x86_64-fedora-gcc 0.2.0 211.39 OK
r-devel-windows-x86_64 0.2.0 18.00 155.00 173.00 OK
r-devel-windows-x86_64-gcc10-UCRT 0.2.0 OK
r-patched-linux-x86_64 0.2.0 14.45 155.51 169.96 OK
r-patched-solaris-x86 0.2.0 388.30 OK
r-release-linux-x86_64 0.2.0 12.29 157.00 169.29 OK
r-release-macos-arm64 0.1.0 ERROR
r-release-macos-x86_64 0.2.0 ERROR
r-release-windows-ix86+x86_64 0.2.0 29.00 159.00 188.00 OK
r-oldrel-macos-x86_64 0.2.0 ERROR
r-oldrel-windows-ix86+x86_64 0.2.0 30.00 210.00 240.00 OK

Check Details

Version: 0.1.0
Check: package dependencies
Result: ERROR
    Package required but not available: ‘maftools’
    
    Packages suggested but not available for checking:
     'BiocStyle', 'TCGAbiolinks'
    
    See section ‘The DESCRIPTION file’ in the ‘Writing R Extensions’
    manual.
Flavor: r-release-macos-arm64

Version: 0.2.0
Check: package dependencies
Result: ERROR
    Package required but not available: ‘maftools’
    
    Package suggested but not available for checking: ‘TCGAbiolinks’
    
    See section ‘The DESCRIPTION file’ in the ‘Writing R Extensions’
    manual.
Flavors: r-release-macos-x86_64, r-oldrel-macos-x86_64