CRAN Package Check Results for Package RcppGreedySetCover

Last updated on 2021-08-04 07:49:50 CEST.

Flavor Version Tinstall Tcheck Ttotal Status Flags
r-devel-linux-x86_64-debian-clang 0.1.0 18.10 30.68 48.78 NOTE
r-devel-linux-x86_64-debian-gcc 0.1.0 12.76 23.60 36.36 NOTE
r-devel-linux-x86_64-fedora-clang 0.1.0 77.38 NOTE
r-devel-linux-x86_64-fedora-gcc 0.1.0 61.42 NOTE
r-devel-windows-x86_64 0.1.0 18.00 59.00 77.00 NOTE
r-devel-windows-x86_64-gcc10-UCRT 0.1.0 NOTE
r-patched-linux-x86_64 0.1.0 17.27 28.70 45.97 NOTE
r-patched-solaris-x86 0.1.0 82.20 NOTE
r-release-linux-x86_64 0.1.0 17.06 28.88 45.94 NOTE
r-release-macos-arm64 0.1.0 NOTE
r-release-macos-x86_64 0.1.0 NOTE
r-release-windows-ix86+x86_64 0.1.0 52.00 56.00 108.00 NOTE
r-oldrel-macos-x86_64 0.1.0 OK
r-oldrel-windows-ix86+x86_64 0.1.0 37.00 70.00 107.00 OK

Check Details

Version: 0.1.0
Check: LazyData
Result: NOTE
     'LazyData' is specified without a 'data' directory
Flavors: r-devel-linux-x86_64-debian-clang, r-devel-linux-x86_64-debian-gcc, r-devel-linux-x86_64-fedora-clang, r-devel-linux-x86_64-fedora-gcc, r-devel-windows-x86_64, r-devel-windows-x86_64-gcc10-UCRT, r-patched-linux-x86_64, r-patched-solaris-x86, r-release-linux-x86_64, r-release-macos-arm64, r-release-macos-x86_64, r-release-windows-ix86+x86_64