CRAN Package Check Results for Package RcppDist

Last updated on 2021-08-03 07:54:39 CEST.

Flavor Version Tinstall Tcheck Ttotal Status Flags
r-devel-linux-x86_64-debian-clang 0.1.1 56.86 36.79 93.65 NOTE
r-devel-linux-x86_64-debian-gcc 0.1.1 39.53 28.83 68.36 NOTE
r-devel-linux-x86_64-fedora-clang 0.1.1 131.51 NOTE
r-devel-linux-x86_64-fedora-gcc 0.1.1 118.54 NOTE
r-devel-windows-x86_64 0.1.1 51.00 69.00 120.00 NOTE
r-devel-windows-x86_64-gcc10-UCRT 0.1.1 NOTE
r-patched-linux-x86_64 0.1.1 44.62 35.64 80.26 NOTE
r-patched-solaris-x86 0.1.1 116.10 NOTE
r-release-linux-x86_64 0.1.1 43.94 35.66 79.60 NOTE
r-release-macos-arm64 0.1.1 NOTE
r-release-macos-x86_64 0.1.1 NOTE
r-release-windows-ix86+x86_64 0.1.1 129.00 88.00 217.00 NOTE
r-oldrel-macos-x86_64 0.1.1 OK
r-oldrel-windows-ix86+x86_64 0.1.1 96.00 90.00 186.00 OK

Check Details

Version: 0.1.1
Check: LazyData
Result: NOTE
     'LazyData' is specified without a 'data' directory
Flavors: r-devel-linux-x86_64-debian-clang, r-devel-linux-x86_64-debian-gcc, r-devel-linux-x86_64-fedora-clang, r-devel-linux-x86_64-fedora-gcc, r-devel-windows-x86_64, r-devel-windows-x86_64-gcc10-UCRT, r-patched-linux-x86_64, r-patched-solaris-x86, r-release-linux-x86_64, r-release-macos-arm64, r-release-macos-x86_64, r-release-windows-ix86+x86_64

Version: 0.1.1
Check: installed package size
Result: NOTE
     installed size is 5.2Mb
     sub-directories of 1Mb or more:
     libs 4.7Mb
Flavor: r-release-macos-arm64