CRAN Package Check Results for Package RcmdrPlugin.coin

Last updated on 2021-11-26 08:51:37 CET.

Flavor Version Tinstall Tcheck Ttotal Status Flags
r-devel-linux-x86_64-debian-clang 1.0-22 18.75 139.30 158.05 NOTE
r-devel-linux-x86_64-debian-gcc 1.0-22 15.67 106.06 121.73 NOTE
r-devel-linux-x86_64-fedora-clang 1.0-22 205.60 NOTE
r-devel-linux-x86_64-fedora-gcc 1.0-22 196.82 NOTE
r-devel-windows-x86_64-new-UL 1.0-22 32.00 193.00 225.00 NOTE
r-devel-windows-x86_64-new-TK 1.0-22 NOTE
r-devel-windows-x86_64-old 1.0-22 23.00 123.00 146.00 NOTE
r-patched-linux-x86_64 1.0-22 17.34 133.33 150.67 NOTE
r-patched-solaris-x86 1.0-22 298.90 NOTE
r-release-linux-x86_64 1.0-22 NOTE
r-release-macos-arm64 1.0-22 NOTE
r-release-macos-x86_64 1.0-22 NOTE
r-release-windows-ix86+x86_64 1.0-22 42.00 162.00 204.00 NOTE
r-oldrel-macos-x86_64 1.0-22 NOTE
r-oldrel-windows-ix86+x86_64 1.0-22 43.00 168.00 211.00 NOTE

Check Details

Version: 1.0-22
Check: R code for possible problems
Result: NOTE
    enterTableMHTest : onOK: no visible global function definition for
     'na.omit'
    startStop: no visible global function definition for 'na.omit'
    Undefined global functions or variables:
     na.omit
    Consider adding
     importFrom("stats", "na.omit")
    to your NAMESPACE file.
Flavors: r-devel-linux-x86_64-debian-clang, r-devel-linux-x86_64-debian-gcc, r-devel-linux-x86_64-fedora-clang, r-devel-linux-x86_64-fedora-gcc, r-devel-windows-x86_64-new-UL, r-devel-windows-x86_64-new-TK, r-devel-windows-x86_64-old, r-patched-linux-x86_64, r-patched-solaris-x86, r-release-linux-x86_64, r-release-macos-arm64, r-release-macos-x86_64, r-release-windows-ix86+x86_64, r-oldrel-macos-x86_64, r-oldrel-windows-ix86+x86_64