CRAN Package Check Results for Package RcmdrPlugin.RiskDemo

Last updated on 2021-08-02 07:52:02 CEST.

Flavor Version Tinstall Tcheck Ttotal Status Flags
r-devel-linux-x86_64-debian-clang 3.0 29.96 210.17 240.13 OK
r-devel-linux-x86_64-debian-gcc 3.0 24.01 157.46 181.47 OK
r-devel-linux-x86_64-fedora-clang 3.0 307.10 OK
r-devel-linux-x86_64-fedora-gcc 3.0 294.25 OK
r-devel-windows-x86_64 3.0 57.00 236.00 293.00 OK
r-devel-windows-x86_64-gcc10-UCRT 3.0 OK
r-patched-linux-x86_64 3.0 OK
r-patched-solaris-x86 3.0 462.80 NOTE
r-release-linux-x86_64 3.0 28.78 199.29 228.07 OK
r-release-macos-arm64 3.0 OK
r-release-macos-x86_64 3.0 OK
r-release-windows-ix86+x86_64 3.0 63.00 174.00 237.00 OK
r-oldrel-macos-x86_64 3.0 OK
r-oldrel-windows-ix86+x86_64 3.0 57.00 242.00 299.00 OK

Check Details

Version: 3.0
Check: installed package size
Result: NOTE
     installed size is 5.0Mb
     sub-directories of 1Mb or more:
     data 4.5Mb
Flavor: r-patched-solaris-x86