CRAN Package Check Results for Package RcmdrPlugin.PcaRobust

Last updated on 2021-09-28 07:48:38 CEST.

Flavor Version Tinstall Tcheck Ttotal Status Flags
r-devel-linux-x86_64-debian-clang 1.1.4 17.78 132.09 149.87 NOTE
r-devel-linux-x86_64-debian-gcc 1.1.4 14.08 103.19 117.27 NOTE
r-devel-linux-x86_64-fedora-clang 1.1.4 189.75 NOTE
r-devel-linux-x86_64-fedora-gcc 1.1.4 179.26 NOTE
r-devel-windows-x86_64 1.1.4 19.00 111.00 130.00 NOTE
r-devel-windows-x86_64-gcc10-UCRT 1.1.4 NOTE
r-patched-linux-x86_64 1.1.4 16.62 125.73 142.35 NOTE
r-patched-solaris-x86 1.1.4 31.10 ERROR
r-release-linux-x86_64 1.1.4 16.61 125.78 142.39 NOTE
r-release-macos-arm64 1.1.4 NOTE
r-release-macos-x86_64 1.1.4 NOTE
r-release-windows-ix86+x86_64 1.1.4 39.00 150.00 189.00 NOTE
r-oldrel-macos-x86_64 1.1.4 OK
r-oldrel-windows-ix86+x86_64 1.1.4 25.00 99.00 124.00 OK

Check Details

Version: 1.1.4
Check: LazyData
Result: NOTE
     'LazyData' is specified without a 'data' directory
Flavors: r-devel-linux-x86_64-debian-clang, r-devel-linux-x86_64-debian-gcc, r-devel-linux-x86_64-fedora-clang, r-devel-linux-x86_64-fedora-gcc, r-devel-windows-x86_64, r-devel-windows-x86_64-gcc10-UCRT, r-patched-linux-x86_64, r-release-linux-x86_64, r-release-macos-arm64, r-release-macos-x86_64, r-release-windows-ix86+x86_64

Version: 1.1.4
Check: whether package can be installed
Result: ERROR
    Installation failed.
Flavor: r-patched-solaris-x86