CRAN Package Check Results for Package RcmdrPlugin.FuzzyClust

Last updated on 2021-12-02 08:51:19 CET.

Flavor Version Tinstall Tcheck Ttotal Status Flags
r-devel-linux-x86_64-debian-clang 1.1 17.92 157.92 175.84 NOTE
r-devel-linux-x86_64-debian-gcc 1.1 14.16 117.99 132.15 NOTE
r-devel-linux-x86_64-fedora-clang 1.1 239.06 NOTE
r-devel-linux-x86_64-fedora-gcc 1.1 215.14 NOTE
r-devel-windows-x86_64-new-UL 1.1 32.00 235.00 267.00 NOTE
r-devel-windows-x86_64-new-TK 1.1 NOTE
r-devel-windows-x86_64-old 1.1 24.00 143.00 167.00 NOTE
r-patched-linux-x86_64 1.1 17.12 149.01 166.13 NOTE
r-patched-solaris-x86 1.1 318.90 NOTE
r-release-linux-x86_64 1.1 17.63 148.89 166.52 NOTE
r-release-macos-arm64 1.1 NOTE
r-release-macos-x86_64 1.1 WARN
r-release-windows-ix86+x86_64 1.1 32.00 190.00 222.00 NOTE
r-oldrel-macos-x86_64 1.1 WARN
r-oldrel-windows-ix86+x86_64 1.1 38.00 189.00 227.00 NOTE

Check Details

Version: 1.1
Check: R code for possible problems
Result: NOTE
    managedata: no visible binding for global variable 'data'
    Undefined global functions or variables:
     data
    Consider adding
     importFrom("utils", "data")
    to your NAMESPACE file.
Flavors: r-devel-linux-x86_64-debian-clang, r-devel-linux-x86_64-debian-gcc, r-devel-linux-x86_64-fedora-clang, r-devel-linux-x86_64-fedora-gcc, r-devel-windows-x86_64-new-UL, r-devel-windows-x86_64-new-TK, r-devel-windows-x86_64-old, r-patched-linux-x86_64, r-patched-solaris-x86, r-release-linux-x86_64, r-release-macos-arm64, r-release-macos-x86_64, r-release-windows-ix86+x86_64, r-oldrel-macos-x86_64, r-oldrel-windows-ix86+x86_64

Version: 1.1
Check: re-building of vignette outputs
Result: WARN
    Error(s) in re-building vignettes:
     ...
    --- re-building ‘fuzzyrcmdrplugin.Rmd’ using rmarkdown
    Warning in engine$weave(file, quiet = quiet, encoding = enc) :
     Pandoc (>= 1.12.3) not available. Falling back to R Markdown v1.
    Quitting from lines 47-48 (fuzzyrcmdrplugin.Rmd)
    Error: processing vignette 'fuzzyrcmdrplugin.Rmd' failed with diagnostics:
    Cluster setup failed. 1 worker of 1 failed to connect.
    --- failed re-building ‘fuzzyrcmdrplugin.Rmd’
    
    SUMMARY: processing the following file failed:
     ‘fuzzyrcmdrplugin.Rmd’
    
    Error: Vignette re-building failed.
    Execution halted
Flavor: r-release-macos-x86_64

Version: 1.1
Check: re-building of vignette outputs
Result: WARN
    Error(s) in re-building vignettes:
     ...
    --- re-building ‘fuzzyrcmdrplugin.Rmd’ using rmarkdown
    Warning in engine$weave(file, quiet = quiet, encoding = enc) :
     Pandoc (>= 1.12.3) and/or pandoc-citeproc not available. Falling back to R Markdown v1.
    Quitting from lines 47-48 (fuzzyrcmdrplugin.Rmd)
    Error: processing vignette 'fuzzyrcmdrplugin.Rmd' failed with diagnostics:
    Cluster setup failed. 1 worker of 1 failed to connect.
    --- failed re-building ‘fuzzyrcmdrplugin.Rmd’
    
    SUMMARY: processing the following file failed:
     ‘fuzzyrcmdrplugin.Rmd’
    
    Error: Vignette re-building failed.
    Execution halted
Flavor: r-oldrel-macos-x86_64