CRAN Package Check Results for Package Rcmdr

Last updated on 2021-10-20 07:49:57 CEST.

Flavor Version Tinstall Tcheck Ttotal Status Flags
r-devel-linux-x86_64-debian-clang 2.7-1 50.43 250.24 300.67 OK
r-devel-linux-x86_64-debian-gcc 2.7-1 36.81 185.11 221.92 OK
r-devel-linux-x86_64-fedora-clang 2.7-1 383.60 NOTE
r-devel-linux-x86_64-fedora-gcc 2.7-1 366.23 OK
r-devel-windows-x86_64 2.7-1 58.00 282.00 340.00 NOTE
r-devel-windows-x86_64-gcc10-UCRT 2.7-1 OK
r-patched-linux-x86_64 2.7-1 48.46 241.26 289.72 OK
r-patched-solaris-x86 2.7-1 475.70 NOTE
r-release-linux-x86_64 2.7-1 47.16 239.28 286.44 OK
r-release-macos-arm64 2.7-1 NOTE
r-release-macos-x86_64 2.7-1 NOTE
r-release-windows-ix86+x86_64 2.7-1 74.00 240.00 314.00 NOTE
r-oldrel-macos-x86_64 2.7-1 NOTE
r-oldrel-windows-ix86+x86_64 2.7-1 76.00 255.00 331.00 NOTE

Check Details

Version: 2.7-1
Check: installed package size
Result: NOTE
     installed size is 6.5Mb
     sub-directories of 1Mb or more:
     R 1.2Mb
     doc 2.3Mb
     po 2.4Mb
Flavors: r-devel-linux-x86_64-fedora-clang, r-devel-windows-x86_64, r-patched-solaris-x86, r-release-macos-arm64, r-release-macos-x86_64, r-release-windows-ix86+x86_64, r-oldrel-macos-x86_64, r-oldrel-windows-ix86+x86_64