CRAN Package Check Results for Package Raquifer

Last updated on 2021-05-11 07:48:01 CEST.

Flavor Version Tinstall Tcheck Ttotal Status Flags
r-devel-linux-x86_64-debian-clang 0.1.0 6.49 60.31 66.80 NOTE
r-devel-linux-x86_64-debian-gcc 0.1.0 4.62 45.77 50.39 NOTE
r-devel-linux-x86_64-fedora-clang 0.1.0 89.38 NOTE
r-devel-linux-x86_64-fedora-gcc 0.1.0 76.20 NOTE
r-devel-windows-ix86+x86_64 0.1.0 10.00 71.00 81.00 NOTE
r-devel-windows-x86_64-gcc10-UCRT 0.1.0 NOTE
r-patched-linux-x86_64 0.1.0 5.21 56.50 61.71 NOTE
r-patched-solaris-x86 0.1.0 103.80 NOTE
r-release-linux-x86_64 0.1.0 6.10 56.60 62.70 OK
r-release-macos-x86_64 0.1.0 OK
r-release-windows-ix86+x86_64 0.1.0 11.00 66.00 77.00 OK
r-oldrel-macos-x86_64 0.1.0 OK
r-oldrel-windows-ix86+x86_64 0.1.0 11.00 75.00 86.00 OK

Check Details

Version: 0.1.0
Check: LazyData
Result: NOTE
     'LazyData' is specified without a 'data' directory
Flavors: r-devel-linux-x86_64-debian-clang, r-devel-linux-x86_64-debian-gcc, r-devel-linux-x86_64-fedora-clang, r-devel-linux-x86_64-fedora-gcc, r-devel-windows-ix86+x86_64, r-devel-windows-x86_64-gcc10-UCRT, r-patched-linux-x86_64, r-patched-solaris-x86