CRAN Package Check Results for Package RadialVisGadgets

Last updated on 2021-06-15 08:50:05 CEST.

Flavor Version Tinstall Tcheck Ttotal Status Flags
r-devel-linux-x86_64-debian-clang 0.2.0 13.58 124.53 138.11 NOTE
r-devel-linux-x86_64-debian-gcc 0.2.0 12.37 93.65 106.02 NOTE
r-devel-linux-x86_64-fedora-clang 0.2.0 172.54 NOTE
r-devel-linux-x86_64-fedora-gcc 0.2.0 159.69 NOTE
r-devel-windows-x86_64 0.2.0 24.00 147.00 171.00 NOTE
r-devel-windows-x86_64-gcc10-UCRT 0.2.0 NOTE
r-patched-linux-x86_64 0.2.0 14.17 116.64 130.81 NOTE
r-patched-solaris-x86 0.2.0 231.30 NOTE
r-release-linux-x86_64 0.2.0 12.68 116.67 129.35 NOTE
r-release-macos-arm64 0.2.0 NOTE
r-release-macos-x86_64 0.2.0 NOTE
r-release-windows-ix86+x86_64 0.2.0 33.00 159.00 192.00 NOTE
r-oldrel-macos-x86_64 0.2.0 OK
r-oldrel-windows-ix86+x86_64 0.2.0 37.00 158.00 195.00 OK

Check Details

Version: 0.2.0
Check: LazyData
Result: NOTE
     'LazyData' is specified without a 'data' directory
Flavors: r-devel-linux-x86_64-debian-clang, r-devel-linux-x86_64-debian-gcc, r-devel-linux-x86_64-fedora-clang, r-devel-linux-x86_64-fedora-gcc, r-devel-windows-x86_64, r-devel-windows-x86_64-gcc10-UCRT, r-patched-linux-x86_64, r-patched-solaris-x86, r-release-linux-x86_64, r-release-macos-arm64, r-release-macos-x86_64, r-release-windows-ix86+x86_64