CRAN Package Check Results for Package RadData

Last updated on 2021-09-24 07:49:28 CEST.

Flavor Version Tinstall Tcheck Ttotal Status Flags
r-devel-linux-x86_64-debian-clang 1.0.1 10.00 26.29 36.29 OK
r-devel-linux-x86_64-debian-gcc 1.0.1 9.63 21.59 31.22 OK
r-devel-linux-x86_64-fedora-clang 1.0.1 54.53 OK
r-devel-linux-x86_64-fedora-gcc 1.0.1 44.57 OK
r-devel-windows-x86_64 1.0.1 12.00 33.00 45.00 OK
r-devel-windows-x86_64-gcc10-UCRT 1.0.1 OK
r-patched-linux-x86_64 1.0.1 9.72 25.81 35.53 OK
r-patched-solaris-x86 1.0.1 80.90 OK
r-release-linux-x86_64 1.0.1 9.95 25.65 35.60 OK
r-release-macos-arm64 1.0.1 NOTE
r-release-macos-x86_64 1.0.1 OK
r-release-windows-ix86+x86_64 1.0.1 17.00 43.00 60.00 OK
r-oldrel-macos-x86_64 1.0.1 OK
r-oldrel-windows-ix86+x86_64 1.0.1 26.00 34.00 60.00 OK

Check Details

Version: 1.0.1
Check: installed package size
Result: NOTE
     installed size is 5.2Mb
     sub-directories of 1Mb or more:
     data 5.0Mb
Flavor: r-release-macos-arm64