CRAN Package Check Results for Package RZooRoH

Last updated on 2021-08-02 07:52:05 CEST.

Flavor Version Tinstall Tcheck Ttotal Status Flags
r-devel-linux-x86_64-debian-clang 0.3.1 9.85 86.97 96.82 OK
r-devel-linux-x86_64-debian-gcc 0.3.1 8.53 66.93 75.46 OK
r-devel-linux-x86_64-fedora-clang 0.3.1 123.15 OK
r-devel-linux-x86_64-fedora-gcc 0.3.1 113.00 OK
r-devel-windows-x86_64 0.3.1 15.00 159.00 174.00 OK
r-devel-windows-x86_64-gcc10-UCRT 0.3.1 OK
r-patched-linux-x86_64 0.3.1 OK
r-patched-solaris-x86 0.3.1 137.90 OK
r-release-linux-x86_64 0.3.1 9.68 83.60 93.28 OK
r-release-macos-arm64 0.3.1 OK
r-release-macos-x86_64 0.3.1 OK
r-release-windows-ix86+x86_64 0.3.1 28.00 198.00 226.00 NOTE
r-oldrel-macos-x86_64 0.3.1 OK
r-oldrel-windows-ix86+x86_64 0.3.1 25.00 181.00 206.00 NOTE

Check Details

Version: 0.3.1
Check: installed package size
Result: NOTE
     installed size is 5.0Mb
     sub-directories of 1Mb or more:
     exdata 2.4Mb
Flavors: r-release-windows-ix86+x86_64, r-oldrel-windows-ix86+x86_64