CRAN Package Check Results for Package RVAideMemoire

Last updated on 2021-09-20 07:51:00 CEST.

Flavor Version Tinstall Tcheck Ttotal Status Flags
r-devel-linux-x86_64-debian-clang 0.9-80 19.56 129.99 149.55 OK
r-devel-linux-x86_64-debian-gcc 0.9-80 16.13 94.30 110.43 OK
r-devel-linux-x86_64-fedora-clang 0.9-80 184.60 OK
r-devel-linux-x86_64-fedora-gcc 0.9-80 173.46 OK
r-devel-windows-x86_64 0.9-80 20.00 125.00 145.00 OK
r-devel-windows-x86_64-gcc10-UCRT 0.9-80 ERROR
r-patched-linux-x86_64 0.9-80 29.81 121.31 151.12 OK
r-patched-solaris-x86 0.9-80 215.40 OK
r-release-linux-x86_64 0.9-80 19.91 123.57 143.48 OK
r-release-macos-arm64 0.9-80 OK
r-release-macos-x86_64 0.9-80 OK
r-release-windows-ix86+x86_64 0.9-80 34.00 169.00 203.00 OK
r-oldrel-macos-x86_64 0.9-80 OK
r-oldrel-windows-ix86+x86_64 0.9-80 32.00 130.00 162.00 OK

Check Details

Version: 0.9-80
Check: whether package can be installed
Result: WARN
    Found the following significant warnings:
     WARNING: installation-time patches will not be applied, could not get the patches index
Flavor: r-devel-windows-x86_64-gcc10-UCRT

Version: 0.9-80
Check: PDF version of manual
Result: WARN
    LaTeX errors when creating PDF version.
    This typically indicates Rd problems.
Flavor: r-devel-windows-x86_64-gcc10-UCRT

Version: 0.9-80
Check: PDF version of manual without hyperrefs or index
Result: ERROR
    Re-running with no redirection of stdout/stderr.
Flavor: r-devel-windows-x86_64-gcc10-UCRT