CRAN Package Check Results for Package RSurveillance

Last updated on 2021-11-26 08:51:40 CET.

Flavor Version Tinstall Tcheck Ttotal Status Flags
r-devel-linux-x86_64-debian-clang 0.2.1 3.71 42.54 46.25 OK
r-devel-linux-x86_64-debian-gcc 0.2.1 3.19 32.57 35.76 OK
r-devel-linux-x86_64-fedora-clang 0.2.1 67.07 NOTE
r-devel-linux-x86_64-fedora-gcc 0.2.1 58.67 NOTE
r-devel-windows-x86_64-new-UL 0.2.1 13.00 83.00 96.00 OK
r-devel-windows-x86_64-new-TK 0.2.1 NOTE
r-devel-windows-x86_64-old 0.2.1 5.00 56.00 61.00 OK
r-patched-linux-x86_64 0.2.1 4.87 40.17 45.04 OK
r-patched-solaris-x86 0.2.1 79.30 NOTE
r-release-linux-x86_64 0.2.1 OK
r-release-macos-arm64 0.2.1 NOTE
r-release-macos-x86_64 0.2.1 NOTE
r-release-windows-ix86+x86_64 0.2.1 8.00 48.00 56.00 OK
r-oldrel-macos-x86_64 0.2.1 NOTE
r-oldrel-windows-ix86+x86_64 0.2.1 5.00 69.00 74.00 OK

Check Details

Version: 0.2.1
Check: dependencies in R code
Result: NOTE
    Namespace in Imports field not imported from: ‘mc2d’
     All declared Imports should be used.
Flavors: r-devel-linux-x86_64-fedora-clang, r-devel-linux-x86_64-fedora-gcc, r-devel-windows-x86_64-new-TK, r-patched-solaris-x86, r-release-macos-arm64, r-release-macos-x86_64, r-oldrel-macos-x86_64