CRAN Package Check Results for Package RStoolbox

Last updated on 2021-08-04 07:49:52 CEST.

Flavor Version Tinstall Tcheck Ttotal Status Flags
r-devel-linux-x86_64-debian-clang 0.2.6 148.79 435.64 584.43 OK
r-devel-linux-x86_64-debian-gcc 0.2.6 101.44 323.67 425.11 OK
r-devel-linux-x86_64-fedora-clang 0.2.6 725.56 NOTE
r-devel-linux-x86_64-fedora-gcc 0.2.6 679.40 OK
r-devel-windows-x86_64 0.2.6 166.00 482.00 648.00 OK
r-devel-windows-x86_64-gcc10-UCRT 0.2.6 OK
r-patched-linux-x86_64 0.2.6 120.28 403.96 524.24 OK
r-patched-solaris-x86 0.2.6 819.60 OK
r-release-linux-x86_64 0.2.6 118.22 407.98 526.20 OK
r-release-macos-arm64 0.2.6 NOTE
r-release-macos-x86_64 0.2.6 NOTE
r-release-windows-ix86+x86_64 0.2.6 329.00 567.00 896.00 OK
r-oldrel-macos-x86_64 0.2.6 NOTE
r-oldrel-windows-ix86+x86_64 0.2.6 255.00 802.00 1057.00 OK

Check Details

Version: 0.2.6
Check: installed package size
Result: NOTE
     installed size is 5.5Mb
     sub-directories of 1Mb or more:
     libs 4.0Mb
Flavors: r-devel-linux-x86_64-fedora-clang, r-release-macos-arm64, r-release-macos-x86_64, r-oldrel-macos-x86_64