CRAN Package Check Results for Package RSQL

Last updated on 2021-09-19 07:50:45 CEST.

Flavor Version Tinstall Tcheck Ttotal Status Flags
r-devel-linux-x86_64-debian-clang 0.1.4 6.03 42.44 48.47 NOTE
r-devel-linux-x86_64-debian-gcc 0.1.4 4.20 32.87 37.07 NOTE
r-devel-linux-x86_64-fedora-clang 0.1.4 66.58 NOTE
r-devel-linux-x86_64-fedora-gcc 0.1.4 57.20 NOTE
r-devel-windows-x86_64 0.1.4 7.00 64.00 71.00 NOTE
r-devel-windows-x86_64-gcc10-UCRT 0.1.4 ERROR
r-patched-linux-x86_64 0.1.4 5.04 40.67 45.71 NOTE
r-patched-solaris-x86 0.1.4 93.50 NOTE
r-release-linux-x86_64 0.1.4 4.82 40.86 45.68 NOTE
r-release-macos-arm64 0.1.4 NOTE
r-release-macos-x86_64 0.1.4 NOTE
r-release-windows-ix86+x86_64 0.1.4 10.00 59.00 69.00 NOTE
r-oldrel-macos-x86_64 0.1.4 NOTE
r-oldrel-windows-ix86+x86_64 0.1.4 10.00 70.00 80.00 OK

Check Details

Version: 0.1.4
Check: LazyData
Result: NOTE
     'LazyData' is specified without a 'data' directory
Flavors: r-devel-linux-x86_64-debian-clang, r-devel-linux-x86_64-debian-gcc, r-devel-linux-x86_64-fedora-clang, r-devel-linux-x86_64-fedora-gcc, r-devel-windows-x86_64, r-devel-windows-x86_64-gcc10-UCRT, r-patched-linux-x86_64, r-patched-solaris-x86, r-release-linux-x86_64, r-release-macos-arm64, r-release-macos-x86_64, r-release-windows-ix86+x86_64

Version: 0.1.4
Check: dependencies in R code
Result: NOTE
    Namespaces in Imports field not imported from:
     ‘RSQLite’ ‘knitr’
     All declared Imports should be used.
Flavors: r-devel-linux-x86_64-fedora-clang, r-devel-linux-x86_64-fedora-gcc, r-devel-windows-x86_64-gcc10-UCRT, r-patched-solaris-x86, r-release-macos-arm64, r-release-macos-x86_64, r-oldrel-macos-x86_64

Version: 0.1.4
Check: whether package can be installed
Result: WARN
    Found the following significant warnings:
     WARNING: installation-time patches will not be applied, could not get the patches index
Flavor: r-devel-windows-x86_64-gcc10-UCRT

Version: 0.1.4
Check: PDF version of manual
Result: WARN
    LaTeX errors when creating PDF version.
    This typically indicates Rd problems.
Flavor: r-devel-windows-x86_64-gcc10-UCRT

Version: 0.1.4
Check: PDF version of manual without hyperrefs or index
Result: ERROR
    Re-running with no redirection of stdout/stderr.
Flavor: r-devel-windows-x86_64-gcc10-UCRT