CRAN Package Check Results for Package RSAGA

Last updated on 2021-08-03 07:54:41 CEST.

Flavor Version Tinstall Tcheck Ttotal Status Flags
r-devel-linux-x86_64-debian-clang 1.3.0 11.15 82.08 93.23 OK
r-devel-linux-x86_64-debian-gcc 1.3.0 9.84 62.48 72.32 OK
r-devel-linux-x86_64-fedora-clang 1.3.0 119.12 NOTE
r-devel-linux-x86_64-fedora-gcc 1.3.0 109.20 OK
r-devel-windows-x86_64 1.3.0 13.00 105.00 118.00 OK
r-devel-windows-x86_64-gcc10-UCRT 1.3.0 OK
r-patched-linux-x86_64 1.3.0 13.62 77.91 91.53 OK
r-patched-solaris-x86 1.3.0 155.10 OK
r-release-linux-x86_64 1.3.0 9.21 78.42 87.63 OK
r-release-macos-arm64 1.3.0 OK
r-release-macos-x86_64 1.3.0 OK
r-release-windows-ix86+x86_64 1.3.0 22.00 102.00 124.00 OK
r-oldrel-macos-x86_64 1.3.0 OK
r-oldrel-windows-ix86+x86_64 1.3.0 15.00 106.00 121.00 OK

Check Details

Version: 1.3.0
Check: Rd cross-references
Result: NOTE
    Undeclared package ‘sp’ in Rd xrefs
Flavor: r-devel-linux-x86_64-fedora-clang