CRAN Package Check Results for Package RRphylo

Last updated on 2021-10-20 07:49:59 CEST.

Flavor Version Tinstall Tcheck Ttotal Status Flags
r-devel-linux-x86_64-debian-clang 2.5.8 25.30 371.74 397.04 NOTE
r-devel-linux-x86_64-debian-gcc 2.5.8 20.88 264.97 285.85 NOTE
r-devel-linux-x86_64-fedora-clang 2.5.8 470.70 NOTE
r-devel-linux-x86_64-fedora-gcc 2.5.8 474.56 NOTE
r-devel-windows-x86_64 2.5.8 42.00 565.00 607.00 NOTE
r-devel-windows-x86_64-gcc10-UCRT 2.5.8 NOTE
r-patched-linux-x86_64 2.5.8 27.50 367.53 395.03 NOTE
r-patched-solaris-x86 2.5.8 303.80 OK
r-release-linux-x86_64 2.5.8 26.70 368.28 394.98 NOTE
r-release-macos-arm64 2.5.8 NOTE
r-release-macos-x86_64 2.5.8 NOTE
r-release-windows-ix86+x86_64 2.5.8 37.00 569.00 606.00 NOTE
r-oldrel-macos-x86_64 2.5.8 NOTE
r-oldrel-windows-ix86+x86_64 2.5.8 53.00 576.00 629.00 NOTE

Check Details

Version: 2.5.8
Check: package dependencies
Result: NOTE
    Package suggested but not available for checking: 'webshot2'
Flavors: r-devel-linux-x86_64-debian-clang, r-devel-linux-x86_64-debian-gcc, r-devel-linux-x86_64-fedora-clang, r-devel-linux-x86_64-fedora-gcc, r-devel-windows-x86_64, r-devel-windows-x86_64-gcc10-UCRT, r-patched-linux-x86_64, r-release-linux-x86_64, r-release-macos-arm64, r-release-macos-x86_64, r-release-windows-ix86+x86_64, r-oldrel-macos-x86_64, r-oldrel-windows-ix86+x86_64