CRAN Package Check Results for Package RProtoBuf

Last updated on 2021-12-02 08:51:21 CET.

Flavor Version Tinstall Tcheck Ttotal Status Flags
r-devel-linux-x86_64-debian-clang 0.4.17 275.95 70.91 346.86 OK
r-devel-linux-x86_64-debian-gcc 0.4.17 199.69 52.96 252.65 OK
r-devel-linux-x86_64-fedora-clang 0.4.17 539.88 NOTE
r-devel-linux-x86_64-fedora-gcc 0.4.17 483.18 OK
r-devel-windows-x86_64-new-UL 0.4.17 366.00 217.00 583.00 OK
r-devel-windows-x86_64-new-TK 0.4.17 OK
r-devel-windows-x86_64-old 0.4.17 343.00 94.00 437.00 OK
r-patched-linux-x86_64 0.4.17 241.26 67.19 308.45 OK
r-patched-solaris-x86 0.4.17 364.90 OK
r-release-linux-x86_64 0.4.17 250.63 66.54 317.17 OK
r-release-macos-arm64 0.4.17 NOTE
r-release-macos-x86_64 0.4.17 NOTE
r-release-windows-ix86+x86_64 0.4.17 674.00 163.00 837.00 NOTE
r-oldrel-macos-x86_64 0.4.17 NOTE
r-oldrel-windows-ix86+x86_64 0.4.17 674.00 163.00 837.00 NOTE

Check Details

Version: 0.4.17
Check: installed package size
Result: NOTE
     installed size is 9.4Mb
     sub-directories of 1Mb or more:
     libs 7.5Mb
Flavors: r-devel-linux-x86_64-fedora-clang, r-release-macos-arm64, r-release-macos-x86_64, r-release-windows-ix86+x86_64, r-oldrel-macos-x86_64, r-oldrel-windows-ix86+x86_64