CRAN Package Check Results for Package RPANDA

Last updated on 2021-08-04 07:49:51 CEST.

Flavor Version Tinstall Tcheck Ttotal Status Flags
r-devel-linux-x86_64-debian-clang 1.9 49.78 416.46 466.24 OK
r-devel-linux-x86_64-debian-gcc 1.9 39.12 301.95 341.07 OK
r-devel-linux-x86_64-fedora-clang 1.9 556.22 NOTE
r-devel-linux-x86_64-fedora-gcc 1.9 547.11 OK
r-devel-windows-x86_64 1.9 72.00 491.00 563.00 OK
r-devel-windows-x86_64-gcc10-UCRT 1.9 OK
r-patched-linux-x86_64 1.9 55.53 384.69 440.22 OK
r-patched-solaris-x86 1.9 707.20 OK
r-release-linux-x86_64 1.9 47.88 387.48 435.36 OK
r-release-macos-arm64 1.9 OK
r-release-macos-x86_64 1.9 OK
r-release-windows-ix86+x86_64 1.9 102.00 487.00 589.00 OK
r-oldrel-macos-x86_64 1.9 OK
r-oldrel-windows-ix86+x86_64 1.9 108.00 695.00 803.00 OK

Additional issues

donttest

Check Details

Version: 1.9
Check: package dependencies
Result: NOTE
    Imports includes 21 non-default packages.
    Importing from so many packages makes the package vulnerable to any of
    them becoming unavailable. Move as many as possible to Suggests and
    use conditionally.
Flavor: r-devel-linux-x86_64-fedora-clang