CRAN Package Check Results for Package ROCnReg

Last updated on 2021-09-20 07:50:58 CEST.

Flavor Version Tinstall Tcheck Ttotal Status Flags
r-devel-linux-x86_64-debian-clang 1.0-5 19.63 205.20 224.83 OK
r-devel-linux-x86_64-debian-gcc 1.0-5 16.20 149.28 165.48 OK
r-devel-linux-x86_64-fedora-clang 1.0-5 269.62 OK
r-devel-linux-x86_64-fedora-gcc 1.0-5 261.33 OK
r-devel-windows-x86_64 1.0-5 22.00 170.00 192.00 OK
r-devel-windows-x86_64-gcc10-UCRT 1.0-5 ERROR
r-patched-linux-x86_64 1.0-5 22.26 194.33 216.59 OK
r-patched-solaris-x86 1.0-5 334.10 OK
r-release-linux-x86_64 1.0-5 18.88 194.57 213.45 OK
r-release-macos-arm64 1.0-5 OK
r-release-macos-x86_64 1.0-5 OK
r-release-windows-ix86+x86_64 1.0-5 38.00 235.00 273.00 OK
r-oldrel-macos-x86_64 1.0-5 OK
r-oldrel-windows-ix86+x86_64 1.0-5 37.00 163.00 200.00 OK

Check Details

Version: 1.0-5
Check: whether package can be installed
Result: WARN
    Found the following significant warnings:
     WARNING: installation-time patches will not be applied, could not get the patches index
Flavor: r-devel-windows-x86_64-gcc10-UCRT

Version: 1.0-5
Check: PDF version of manual
Result: WARN
    LaTeX errors when creating PDF version.
    This typically indicates Rd problems.
Flavor: r-devel-windows-x86_64-gcc10-UCRT

Version: 1.0-5
Check: PDF version of manual without hyperrefs or index
Result: ERROR
    Re-running with no redirection of stdout/stderr.
Flavor: r-devel-windows-x86_64-gcc10-UCRT