CRAN Package Check Results for Package ROCket

Last updated on 2021-07-24 07:49:37 CEST.

Flavor Version Tinstall Tcheck Ttotal Status Flags
r-devel-linux-x86_64-debian-clang 1.0.1 2.79 31.92 34.71 NOTE
r-devel-linux-x86_64-debian-gcc 1.0.1 2.47 24.33 26.80 NOTE
r-devel-linux-x86_64-fedora-clang 1.0.1 50.52 NOTE
r-devel-linux-x86_64-fedora-gcc 1.0.1 39.63 NOTE
r-devel-windows-x86_64 1.0.1 4.00 34.00 38.00 NOTE
r-devel-windows-x86_64-gcc10-UCRT 1.0.1 NOTE
r-patched-linux-x86_64 1.0.1 3.77 29.56 33.33 NOTE
r-patched-solaris-x86 1.0.1 60.90 NOTE
r-release-linux-x86_64 1.0.1 2.41 29.83 32.24 NOTE
r-release-macos-arm64 1.0.1 NOTE
r-release-macos-x86_64 1.0.1 NOTE
r-release-windows-ix86+x86_64 1.0.1 6.00 34.00 40.00 NOTE
r-oldrel-macos-x86_64 1.0.1 OK
r-oldrel-windows-ix86+x86_64 1.0.1 36.00 45.00 81.00 OK

Check Details

Version: 1.0.1
Check: LazyData
Result: NOTE
     'LazyData' is specified without a 'data' directory
Flavors: r-devel-linux-x86_64-debian-clang, r-devel-linux-x86_64-debian-gcc, r-devel-linux-x86_64-fedora-clang, r-devel-linux-x86_64-fedora-gcc, r-devel-windows-x86_64, r-devel-windows-x86_64-gcc10-UCRT, r-patched-linux-x86_64, r-patched-solaris-x86, r-release-linux-x86_64, r-release-macos-arm64, r-release-macos-x86_64, r-release-windows-ix86+x86_64