CRAN Package Check Results for Package RNGforGPD

Last updated on 2021-08-04 07:49:51 CEST.

Flavor Version Tinstall Tcheck Ttotal Status Flags
r-devel-linux-x86_64-debian-clang 1.1.0 8.17 94.69 102.86 NOTE
r-devel-linux-x86_64-debian-gcc 1.1.0 6.01 71.46 77.47 NOTE
r-devel-linux-x86_64-fedora-clang 1.1.0 129.99 NOTE
r-devel-linux-x86_64-fedora-gcc 1.1.0 127.13 NOTE
r-devel-windows-x86_64 1.1.0 8.00 122.00 130.00 NOTE
r-devel-windows-x86_64-gcc10-UCRT 1.1.0 NOTE
r-patched-linux-x86_64 1.1.0 7.65 96.33 103.98 NOTE
r-patched-solaris-x86 1.1.0 199.50 NOTE
r-release-linux-x86_64 1.1.0 7.76 95.44 103.20 NOTE
r-release-macos-arm64 1.1.0 NOTE
r-release-macos-x86_64 1.1.0 NOTE
r-release-windows-ix86+x86_64 1.1.0 16.00 118.00 134.00 NOTE
r-oldrel-macos-x86_64 1.1.0 OK
r-oldrel-windows-ix86+x86_64 1.1.0 13.00 130.00 143.00 OK

Check Details

Version: 1.1.0
Check: LazyData
Result: NOTE
     'LazyData' is specified without a 'data' directory
Flavors: r-devel-linux-x86_64-debian-clang, r-devel-linux-x86_64-debian-gcc, r-devel-linux-x86_64-fedora-clang, r-devel-linux-x86_64-fedora-gcc, r-devel-windows-x86_64, r-devel-windows-x86_64-gcc10-UCRT, r-patched-linux-x86_64, r-patched-solaris-x86, r-release-linux-x86_64, r-release-macos-arm64, r-release-macos-x86_64, r-release-windows-ix86+x86_64