CRAN Package Check Results for Package RMariaDB

Last updated on 2021-05-15 08:48:01 CEST.

Flavor Version Tinstall Tcheck Ttotal Status Flags
r-devel-linux-x86_64-debian-clang 1.1.1 126.68 45.33 172.01 OK
r-devel-linux-x86_64-debian-gcc 1.1.1 73.80 35.66 109.46 OK
r-devel-linux-x86_64-fedora-clang 1.1.1 246.51 OK
r-devel-linux-x86_64-fedora-gcc 1.1.1 200.24 OK
r-devel-windows-ix86+x86_64 1.1.1 529.00 183.00 712.00 NOTE
r-devel-windows-x86_64-gcc10-UCRT 1.1.1 OK
r-patched-linux-x86_64 1.1.1 92.12 43.81 135.93 OK
r-patched-solaris-x86 1.1.1 198.60 OK
r-release-linux-x86_64 1.1.1 94.33 42.87 137.20 OK
r-release-macos-x86_64 1.1.1 NOTE
r-release-windows-ix86+x86_64 1.1.1 397.00 199.00 596.00 NOTE
r-oldrel-macos-x86_64 1.1.1 NOTE
r-oldrel-windows-ix86+x86_64 1.1.1 367.00 200.00 567.00 NOTE

Check Details

Version: 1.1.1
Check: installed package size
Result: NOTE
     installed size is 8.7Mb
     sub-directories of 1Mb or more:
     libs 8.4Mb
Flavors: r-devel-windows-ix86+x86_64, r-release-macos-x86_64, r-release-windows-ix86+x86_64, r-oldrel-macos-x86_64, r-oldrel-windows-ix86+x86_64