CRAN Package Check Results for Package RLumModel

Last updated on 2021-09-19 07:50:43 CEST.

Flavor Version Tinstall Tcheck Ttotal Status Flags
r-devel-linux-x86_64-debian-clang 0.2.8 54.31 104.48 158.79 OK
r-devel-linux-x86_64-debian-gcc 0.2.8 36.56 77.53 114.09 OK
r-devel-linux-x86_64-fedora-clang 0.2.8 208.37 OK
r-devel-linux-x86_64-fedora-gcc 0.2.8 188.62 OK
r-devel-windows-x86_64 0.2.8 51.00 142.00 193.00 OK
r-devel-windows-x86_64-gcc10-UCRT 0.2.8 ERROR
r-patched-linux-x86_64 0.2.8 47.40 100.67 148.07 OK
r-patched-solaris-x86 0.2.8 238.10 OK
r-release-linux-x86_64 0.2.8 40.09 99.15 139.24 OK
r-release-macos-arm64 0.2.8 OK
r-release-macos-x86_64 0.2.8 OK
r-release-windows-ix86+x86_64 0.2.8 128.00 175.00 303.00 OK
r-oldrel-macos-x86_64 0.2.8 OK
r-oldrel-windows-ix86+x86_64 0.2.8 137.00 135.00 272.00 OK

Check Details

Version: 0.2.8
Check: whether package can be installed
Result: ERROR
    Installation failed.
Flavor: r-devel-windows-x86_64-gcc10-UCRT