CRAN Package Check Results for Package RInno

Last updated on 2022-01-25 07:50:18 CET.

Flavor Version Tinstall Tcheck Ttotal Status Flags
r-devel-windows-x86_64-new-UL 1.0.1 87.00 273.00 360.00 NOTE
r-devel-windows-x86_64-new-TK 1.0.1 NOTE
r-release-macos-arm64 1.0.1 NOTE
r-release-windows-ix86+x86_64 1.0.1 10.00 154.00 164.00 NOTE
r-oldrel-windows-ix86+x86_64 1.0.1 11.00 199.00 210.00 OK

Check Details

Version: 1.0.1
Check: LazyData
Result: NOTE
     'LazyData' is specified without a 'data' directory
Flavors: r-devel-windows-x86_64-new-UL, r-devel-windows-x86_64-new-TK, r-release-macos-arm64, r-release-windows-ix86+x86_64

Version: 1.0.1
Check: dependencies in R code
Result: NOTE
    Namespaces in Imports field not imported from:
     'httr' 'remotes' 'rmarkdown' 'shiny'
     All declared Imports should be used.
Flavors: r-devel-windows-x86_64-new-TK, r-release-macos-arm64