CRAN Package Check Results for Package REREFACT

Last updated on 2021-06-12 08:50:16 CEST.

Flavor Version Tinstall Tcheck Ttotal Status Flags
r-devel-linux-x86_64-debian-clang 1.0 8.59 83.40 91.99 NOTE
r-devel-linux-x86_64-debian-gcc 1.0 6.68 59.36 66.04 NOTE
r-devel-linux-x86_64-fedora-clang 1.0 114.55 NOTE
r-devel-linux-x86_64-fedora-gcc 1.0 101.78 NOTE
r-devel-windows-x86_64 1.0 12.00 133.00 145.00 OK
r-devel-windows-x86_64-gcc10-UCRT 1.0 OK
r-patched-linux-x86_64 1.0 8.57 75.88 84.45 NOTE
r-patched-solaris-x86 1.0 144.80 NOTE
r-release-linux-x86_64 1.0 7.49 74.50 81.99 NOTE
r-release-macos-arm64 1.0 OK
r-release-macos-x86_64 1.0 OK
r-release-windows-ix86+x86_64 1.0 15.00 95.00 110.00 OK
r-oldrel-macos-x86_64 1.0 OK
r-oldrel-windows-ix86+x86_64 1.0 13.00 101.00 114.00 OK

Check Details

Version: 1.0
Check: for non-standard things in the check directory
Result: NOTE
    Found the following files/directories:
     'P.csv' 'correct_alpha.csv' 'correct_beta.csv' 'correct_gamma.csv'
     'correct_lambda.csv' 'correct_perm_list.csv' 'correct_psi.csv'
Flavors: r-devel-linux-x86_64-debian-clang, r-devel-linux-x86_64-debian-gcc, r-devel-linux-x86_64-fedora-clang, r-devel-linux-x86_64-fedora-gcc, r-patched-linux-x86_64, r-patched-solaris-x86, r-release-linux-x86_64