CRAN Package Check Results for Package R3port

Last updated on 2021-10-20 07:49:57 CEST.

Flavor Version Tinstall Tcheck Ttotal Status Flags
r-devel-linux-x86_64-debian-clang 0.2.4 3.71 41.16 44.87 NOTE
r-devel-linux-x86_64-debian-gcc 0.2.4 3.56 32.51 36.07 NOTE
r-devel-linux-x86_64-fedora-clang 0.2.4 66.12 NOTE
r-devel-linux-x86_64-fedora-gcc 0.2.4 55.21 NOTE
r-devel-windows-x86_64 0.2.4 8.00 74.00 82.00 NOTE
r-devel-windows-x86_64-gcc10-UCRT 0.2.4 NOTE
r-patched-linux-x86_64 0.2.4 7.09 40.07 47.16 NOTE
r-patched-solaris-x86 0.2.4 83.60 NOTE
r-release-linux-x86_64 0.2.4 4.07 40.75 44.82 NOTE
r-release-macos-arm64 0.2.4 NOTE
r-release-macos-x86_64 0.2.4 NOTE
r-release-windows-ix86+x86_64 0.2.4 6.00 64.00 70.00 NOTE
r-oldrel-macos-x86_64 0.2.4 OK
r-oldrel-windows-ix86+x86_64 0.2.4 10.00 62.00 72.00 OK

Check Details

Version: 0.2.4
Check: LazyData
Result: NOTE
     'LazyData' is specified without a 'data' directory
Flavors: r-devel-linux-x86_64-debian-clang, r-devel-linux-x86_64-debian-gcc, r-devel-linux-x86_64-fedora-clang, r-devel-linux-x86_64-fedora-gcc, r-devel-windows-x86_64, r-devel-windows-x86_64-gcc10-UCRT, r-patched-linux-x86_64, r-patched-solaris-x86, r-release-linux-x86_64, r-release-macos-arm64, r-release-macos-x86_64, r-release-windows-ix86+x86_64