CRAN Package Check Results for Package PupillometryR

Last updated on 2021-09-22 07:51:32 CEST.

Flavor Version Tinstall Tcheck Ttotal Status Flags
r-devel-linux-x86_64-debian-clang 0.0.4 6.42 146.73 153.15 OK
r-devel-linux-x86_64-debian-gcc 0.0.4 4.80 105.07 109.87 OK
r-devel-linux-x86_64-fedora-clang 0.0.4 191.95 NOTE
r-devel-linux-x86_64-fedora-gcc 0.0.4 174.60 NOTE
r-devel-windows-x86_64 0.0.3 8.00 123.00 131.00 OK
r-devel-windows-x86_64-gcc10-UCRT 0.0.4 ERROR
r-patched-linux-x86_64 0.0.4 5.67 136.89 142.56 OK
r-patched-solaris-x86 0.0.4 153.70 NOTE
r-release-linux-x86_64 0.0.3 6.01 124.49 130.50 OK
r-release-macos-arm64 0.0.3 NOTE
r-release-macos-x86_64 0.0.4 NOTE
r-release-windows-ix86+x86_64 0.0.4 19.00 165.00 184.00 OK
r-oldrel-macos-x86_64 0.0.4 NOTE
r-oldrel-windows-ix86+x86_64 0.0.4 15.00 145.00 160.00 OK

Check Details

Version: 0.0.4
Check: dependencies in R code
Result: NOTE
    Namespaces in Imports field not imported from:
     ‘data.table’ ‘itsadug’ ‘lazyeval’ ‘mgcv’
     All declared Imports should be used.
Flavors: r-devel-linux-x86_64-fedora-clang, r-devel-linux-x86_64-fedora-gcc, r-devel-windows-x86_64-gcc10-UCRT, r-patched-solaris-x86, r-release-macos-x86_64, r-oldrel-macos-x86_64

Version: 0.0.4
Check: PDF version of manual
Result: WARN
    LaTeX errors when creating PDF version.
    This typically indicates Rd problems.
Flavor: r-devel-windows-x86_64-gcc10-UCRT

Version: 0.0.4
Check: PDF version of manual without hyperrefs or index
Result: ERROR
    Re-running with no redirection of stdout/stderr.
Flavor: r-devel-windows-x86_64-gcc10-UCRT

Version: 0.0.3
Check: dependencies in R code
Result: NOTE
    Namespaces in Imports field not imported from:
     ‘data.table’ ‘itsadug’ ‘mgcv’
     All declared Imports should be used.
Flavor: r-release-macos-arm64